{"id":5,"date":"2017-08-23T01:14:25","date_gmt":"2017-08-23T01:14:25","guid":{"rendered":"https:\/\/corporativozr.com\/2024\/?page_id=5"},"modified":"2024-08-27T02:27:45","modified_gmt":"2024-08-27T02:27:45","slug":"home","status":"publish","type":"page","link":"https:\/\/corporativozr.com\/2024\/home\/","title":{"rendered":"Home"},"content":{"rendered":"<p>[vc_row][vc_column][vc_raw_html]JTNDbGluayUyMHJlbCUzRCUyMCUyMnN0eWxlc2hlZXQlMjIlMjB0eXBlJTNEJTIwJTIydGV4dCUyRmNzcyUyMiUyMGhlcmYlM0QlMjAlMjJodHRwLiUyRiUyRmZvbnRzLmdvb2dsZWFwaXMuY29tJTJGY3NzJTBBJTBBZmFtaWx5JTNEWmVuJTIwS2FrdSUyMEdvdGhpYyUyME5ldw==[\/vc_raw_html][vc_empty_space][\/vc_column][\/vc_row][vc_row full_width=\u00bbstretch_row_content\u00bb content_placement=\u00bbmiddle\u00bb css=\u00bb.vc_custom_1700073570501{padding-top: 20px !important;padding-right: 20px !important;padding-bottom: 20px !important;padding-left: 20px !important;background-color: #f2f2f2 !important;}\u00bb][vc_column width=\u00bb1\/3&#8243;][vc_column_text css_animation=\u00bbfadeIn\u00bb]<\/p>\n<h5 style=\"text-align: center;\">SOMOS UNA EMPRESA DEDICADA A LA PRODUCCI\u00d3N Y DISE\u00d1O DE EVENTOS, UNA UNI\u00d3N DE MENTES CREATIVAS PARA PODER DESARROLLAR UN D\u00cdA TAN \u00daNICO Y ESPECIAL, UNA EXPERIENCIA QUE SE TRANSFORMAR\u00c1 EN UN MOMENTO MEMORABLE EN TU VIDA.<\/h5>\n<p>[\/vc_column_text][\/vc_column][vc_column width=\u00bb2\/3&#8243; offset=\u00bbvc_col-xs-12&#8243;]<div class=\"gem-video gem-wrapbox gem-wrapbox-style-1 rounded-corners shadow-box gem-wrapbox-position-below\" style=\"width: 100%;\"><div class=\"gem-wrapbox-inner video-block gem-ratio-style\" style=\"padding-top: 56.25%\"><video width=\"100%\" height=\"100%\" controls=\"controls\" src=\"https:\/\/corporativozr.com\/2024\/wp-content\/uploads\/2023\/11\/VIDEO-MONTAJE-Y-EJECUCIO\u0301N.mp4\"  poster=\"https:\/\/corporativozr.com\/2024\/wp-content\/uploads\/2023\/11\/Captura-de-Pantalla-2023-11-15-a-las-12.45.00.png\" preload=\"none\"><\/video><\/div><\/div>[vc_column_text css_animation=\u00bbfadeIn\u00bb]<\/p>\n<h6 style=\"text-align: center;\">Ejecuci\u00f3n y Montaje &#8211; Alejandra Zerme\u00f1o<\/h6>\n<p>[\/vc_column_text][\/vc_column][\/vc_row][vc_row][vc_column width=\u00bb1\/2&#8243; css=\u00bb.vc_custom_1700076103891{background-image: url(https:\/\/corporativozr.com\/2024\/wp-content\/uploads\/2023\/11\/3.jpeg?id=96521) !important;background-position: center !important;background-repeat: no-repeat !important;background-size: cover !important;}\u00bb][vc_empty_space height=\u00bb350px\u00bb][\/vc_column][vc_column width=\u00bb1\/2&#8243;][vc_empty_space][vc_column_text]<\/p>\n<h4 style=\"text-align: center;\">S\u00e9 que cada evento representa un gran momento en nuestras vidas; y no s\u00f3lo para nosotros, sino tambi\u00e9n para nuestros familiares, amigos.<\/h4>\n<p>[\/vc_column_text][\/vc_column][\/vc_row][vc_row full_width=\u00bbstretch_row_content\u00bb][vc_column][vc_text_separator title_level=\u00bbh4&#8243; title=\u00bbPon tu confianza en nosotros. Somos creadores de sue\u00f1os y haremos los tuyos realidad.\u00bb color=\u00bborange\u00bb el_class=\u00bbcentrado\u00bb][\/vc_column][\/vc_row][vc_row][vc_column][vc_empty_space height=\u00bb50px\u00bb][\/vc_column][\/vc_row][vc_row][vc_column][vc_empty_space height=\u00bb50px\u00bb][\/vc_column][\/vc_row]<\/p>\n","protected":false},"excerpt":{"rendered":"<p>[vc_row][vc_column][vc_raw_html]JTNDbGluayUyMHJlbCUzRCUyMCUyMnN0eWxlc2hlZXQlMjIlMjB0eXBlJTNEJTIwJTIydGV4dCUyRmNzcyUyMiUyMGhlcmYlM0QlMjAlMjJodHRwLiUyRiUyRmZvbnRzLmdvb2dsZWFwaXMuY29tJTJGY3NzJTBBJTBBZmFtaWx5JTNEWmVuJTIwS2FrdSUyMEdvdGhpYyUyME5ldw==[\/vc_raw_html][vc_empty_space][\/vc_column][\/vc_row][vc_row full_width=\u00bbstretch_row_content\u00bb content_placement=\u00bbmiddle\u00bb css=\u00bb.vc_custom_1700073570501{padding-top: 20px !important;padding-right: 20px !important;padding-bottom: 20px !important;padding-left: 20px !important;background-color: #f2f2f2 !important;}\u00bb][vc_column width=\u00bb1\/3&#8243;][vc_column_text css_animation=\u00bbfadeIn\u00bb] SOMOS UNA EMPRESA DEDICADA A LA PRODUCCI\u00d3N Y DISE\u00d1O DE EVENTOS, UNA UNI\u00d3N DE MENTES CREATIVAS PARA PODER DESARROLLAR UN D\u00cdA TAN \u00daNICO Y ESPECIAL, UNA EXPERIENCIA QUE SE TRANSFORMAR\u00c1 EN UN MOMENTO MEMORABLE&#8230;<\/p>\n","protected":false},"author":1,"featured_media":0,"parent":0,"menu_order":0,"comment_status":"closed","ping_status":"closed","template":"","meta":{"footnotes":""},"class_list":["post-5","page","type-page","status-publish","hentry"],"_links":{"self":[{"href":"https:\/\/corporativozr.com\/2024\/wp-json\/wp\/v2\/pages\/5","targetHints":{"allow":["GET"]}}],"collection":[{"href":"https:\/\/corporativozr.com\/2024\/wp-json\/wp\/v2\/pages"}],"about":[{"href":"https:\/\/corporativozr.com\/2024\/wp-json\/wp\/v2\/types\/page"}],"author":[{"embeddable":true,"href":"https:\/\/corporativozr.com\/2024\/wp-json\/wp\/v2\/users\/1"}],"replies":[{"embeddable":true,"href":"https:\/\/corporativozr.com\/2024\/wp-json\/wp\/v2\/comments?post=5"}],"version-history":[{"count":121,"href":"https:\/\/corporativozr.com\/2024\/wp-json\/wp\/v2\/pages\/5\/revisions"}],"predecessor-version":[{"id":97105,"href":"https:\/\/corporativozr.com\/2024\/wp-json\/wp\/v2\/pages\/5\/revisions\/97105"}],"wp:attachment":[{"href":"https:\/\/corporativozr.com\/2024\/wp-json\/wp\/v2\/media?parent=5"}],"curies":[{"name":"wp","href":"https:\/\/api.w.org\/{rel}","templated":true}]}}