{"id":74,"date":"2017-09-18T18:47:40","date_gmt":"2017-09-18T18:47:40","guid":{"rendered":"https:\/\/corporativozr.com\/2024\/?page_id=74"},"modified":"2024-03-27T18:34:02","modified_gmt":"2024-03-27T18:34:02","slug":"aldruka","status":"publish","type":"page","link":"https:\/\/corporativozr.com\/2024\/aldruka\/","title":{"rendered":"Aldruka"},"content":{"rendered":"<p>[vc_row full_width=\u00bbstretch_row_content\u00bb][vc_column width=\u00bb1\/3&#8243; css=\u00bb.vc_custom_1702057269254{background-position: center !important;background-repeat: no-repeat !important;background-size: cover !important;}\u00bb][vc_single_image image=\u00bb96874&#8243; img_size=\u00bbfull\u00bb][\/vc_column][vc_column width=\u00bb1\/3&#8243; css=\u00bb.vc_custom_1702322132448{background-position: center !important;background-repeat: no-repeat !important;background-size: cover !important;}\u00bb][vc_single_image image=\u00bb96875&#8243; img_size=\u00bbfull\u00bb][\/vc_column][vc_column width=\u00bb1\/3&#8243; css=\u00bb.vc_custom_1702322139369{background-position: center !important;background-repeat: no-repeat !important;background-size: cover !important;}\u00bb][vc_single_image image=\u00bb96876&#8243; img_size=\u00bbfull\u00bb][\/vc_column][\/vc_row][vc_row][vc_column][vc_raw_js]JTNDJTIxLS0lMjBHbG9iYWwlMjBzaXRlJTIwdGFnJTIwJTI4Z3RhZy5qcyUyOSUyMC0lMjBHb29nbGUlMjBBZHMlM0ElMjA2NDc4NjU5ODElMjAtLSUzRSUwQSUzQ3NjcmlwdCUyMGFzeW5jJTIwc3JjJTNEJTIyaHR0cHMlM0ElMkYlMkZ3d3cuZ29vZ2xldGFnbWFuYWdlci5jb20lMkZndGFnJTJGanMlM0ZpZCUzREFXLTY0Nzg2NTk4MSUyMiUzRSUzQyUyRnNjcmlwdCUzRSUwQSUzQ3NjcmlwdCUzRSUwQSUyMCUyMHdpbmRvdy5kYXRhTGF5ZXIlMjAlM0QlMjB3aW5kb3cuZGF0YUxheWVyJTIwJTdDJTdDJTIwJTVCJTVEJTNCJTBBJTIwJTIwZnVuY3Rpb24lMjBndGFnJTI4JTI5JTdCZGF0YUxheWVyLnB1c2glMjhhcmd1bWVudHMlMjklM0IlN0QlMEElMjAlMjBndGFnJTI4JTI3anMlMjclMkMlMjBuZXclMjBEYXRlJTI4JTI5JTI5JTNCJTBBJTBBJTIwJTIwZ3RhZyUyOCUyN2NvbmZpZyUyNyUyQyUyMCUyN0FXLTY0Nzg2NTk4MSUyNyUyOSUzQiUwQSUzQyUyRnNjcmlwdCUzRSUwQQ==[\/vc_raw_js][vc_raw_js]JTNDJTIxLS0lMjBFdmVudCUyMHNuaXBwZXQlMjBmb3IlMjBXZWJzaXRlJTIwdHJhZmZpYyUyMGNvbnZlcnNpb24lMjBwYWdlJTIwLS0lM0UlMEElM0NzY3JpcHQlM0UlMEElMjAlMjBndGFnJTI4JTI3ZXZlbnQlMjclMkMlMjAlMjdjb252ZXJzaW9uJTI3JTJDJTIwJTdCJTI3c2VuZF90byUyNyUzQSUyMCUyN0FXLTY0Nzg2NTk4MSUyRmFNeGxDTjdHNk0wQkVQM005clFDJTI3JTdEJTI5JTNCJTBBJTNDJTJGc2NyaXB0JTNFJTBB[\/vc_raw_js][vc_custom_heading text=\u00bbRenta de mobiliario\u00bb font_container=\u00bbtag:h2|font_size:36|text_align:center|color:%23000000&#8243; use_theme_fonts=\u00bbyes\u00bb][vc_empty_space][\/vc_column][\/vc_row][vc_row full_width=\u00bbstretch_row_content\u00bb equal_height=\u00bbyes\u00bb css=\u00bb.vc_custom_1509471144705{background-color: #edede8 !important;}\u00bb][vc_column][vc_empty_space][vc_column_text]<\/p>\n<h5 style=\"text-align: center;\">Aldruka es la opci\u00f3n ideal para complementar el concepto ambiental de tus eventos y reuniones. Nuestro mobiliario en renta posee un dise\u00f1o inspirado por las \u00faltimas tendencias a nivel mundial y cuenta con los acabados m\u00e1s refinados.<\/h5>\n<p>[\/vc_column_text][vc_btn title=\u00bbDESCARGA EL CAT\u00c1LOGO\u00bb color=\u00bbblack\u00bb size=\u00bblg\u00bb align=\u00bbcenter\u00bb i_icon_fontawesome=\u00bbfa fa-file-pdf-o\u00bb add_icon=\u00bbtrue\u00bb link=\u00bburl:https%3A%2F%2Fcorporativozr.com%2F2024%2Fwp-content%2Fuploads%2F2024%2F03%2FCATALOGO-ALDRUKA-PAGINA-WEB-1.pdf||target:%20_blank|\u00bb][vc_empty_space][\/vc_column][\/vc_row][vc_row full_width=\u00bbstretch_row\u00bb content_placement=\u00bbmiddle\u00bb parallax=\u00bbcontent-moving\u00bb parallax_image=\u00bb337&#8243; parallax_speed_bg=\u00bb2&#8243; css_animation=\u00bbfadeIn\u00bb disable_element=\u00bbyes\u00bb][vc_column][vc_empty_space height=\u00bb130px\u00bb][vc_single_image image=\u00bb447&#8243; img_size=\u00bbfull\u00bb alignment=\u00bbcenter\u00bb][vc_single_image image=\u00bb420&#8243; img_size=\u00bb200&#215;66&#8243; alignment=\u00bbcenter\u00bb onclick=\u00bbcustom_link\u00bb link=\u00bbhttps:\/\/corporativozr.com\/2024\/aldruka\/complementos\/\u00bb][vc_empty_space height=\u00bb130px\u00bb][\/vc_column][\/vc_row][vc_row full_width=\u00bbstretch_row\u00bb content_placement=\u00bbmiddle\u00bb parallax=\u00bbcontent-moving\u00bb parallax_image=\u00bb341&#8243; parallax_speed_bg=\u00bb2&#8243; css_animation=\u00bbfadeIn\u00bb disable_element=\u00bbyes\u00bb][vc_column][vc_empty_space height=\u00bb130px\u00bb][vc_single_image image=\u00bb466&#8243; img_size=\u00bbfull\u00bb alignment=\u00bbcenter\u00bb][vc_single_image image=\u00bb420&#8243; img_size=\u00bb200&#215;66&#8243; alignment=\u00bbcenter\u00bb onclick=\u00bbcustom_link\u00bb link=\u00bbhttps:\/\/corporativozr.com\/2024\/aldruka\/mesas\/\u00bb][vc_empty_space height=\u00bb130px\u00bb][\/vc_column][\/vc_row][vc_row full_width=\u00bbstretch_row\u00bb content_placement=\u00bbmiddle\u00bb parallax=\u00bbcontent-moving\u00bb parallax_image=\u00bb334&#8243; parallax_speed_bg=\u00bb2&#8243; css_animation=\u00bbfadeIn\u00bb disable_element=\u00bbyes\u00bb][vc_column][vc_empty_space height=\u00bb130px\u00bb][vc_single_image image=\u00bb591&#8243; img_size=\u00bbfull\u00bb alignment=\u00bbcenter\u00bb][vc_single_image image=\u00bb420&#8243; img_size=\u00bb200&#215;66&#8243; alignment=\u00bbcenter\u00bb onclick=\u00bbcustom_link\u00bb link=\u00bbhttps:\/\/corporativozr.com\/2024\/aldruka\/mobiliario-lounge\/\u00bb][vc_empty_space height=\u00bb130px\u00bb][\/vc_column][\/vc_row][vc_row full_width=\u00bbstretch_row\u00bb content_placement=\u00bbmiddle\u00bb parallax=\u00bbcontent-moving\u00bb parallax_image=\u00bb338&#8243; parallax_speed_bg=\u00bb2&#8243; css_animation=\u00bbfadeIn\u00bb disable_element=\u00bbyes\u00bb][vc_column][vc_empty_space height=\u00bb130px\u00bb][vc_single_image image=\u00bb451&#8243; img_size=\u00bbfull\u00bb alignment=\u00bbcenter\u00bb][vc_single_image image=\u00bb420&#8243; img_size=\u00bb200&#215;66&#8243; alignment=\u00bbcenter\u00bb onclick=\u00bbcustom_link\u00bb link=\u00bbhttps:\/\/corporativozr.com\/2024\/aldruka\/sillas\/\u00bb][vc_empty_space height=\u00bb130px\u00bb][\/vc_column][\/vc_row]<\/p>\n","protected":false},"excerpt":{"rendered":"<p>[vc_row full_width=\u00bbstretch_row_content\u00bb][vc_column width=\u00bb1\/3&#8243; css=\u00bb.vc_custom_1702057269254{background-position: center !important;background-repeat: no-repeat !important;background-size: cover !important;}\u00bb][vc_single_image image=\u00bb96874&#8243; img_size=\u00bbfull\u00bb][\/vc_column][vc_column width=\u00bb1\/3&#8243; css=\u00bb.vc_custom_1702322132448{background-position: center !important;background-repeat: no-repeat !important;background-size: cover !important;}\u00bb][vc_single_image image=\u00bb96875&#8243; img_size=\u00bbfull\u00bb][\/vc_column][vc_column width=\u00bb1\/3&#8243; css=\u00bb.vc_custom_1702322139369{background-position: center !important;background-repeat: no-repeat !important;background-size: cover !important;}\u00bb][vc_single_image image=\u00bb96876&#8243; img_size=\u00bbfull\u00bb][\/vc_column][\/vc_row][vc_row][vc_column][vc_raw_js]JTNDJTIxLS0lMjBHbG9iYWwlMjBzaXRlJTIwdGFnJTIwJTI4Z3RhZy5qcyUyOSUyMC0lMjBHb29nbGUlMjBBZHMlM0ElMjA2NDc4NjU5ODElMjAtLSUzRSUwQSUzQ3NjcmlwdCUyMGFzeW5jJTIwc3JjJTNEJTIyaHR0cHMlM0ElMkYlMkZ3d3cuZ29vZ2xldGFnbWFuYWdlci5jb20lMkZndGFnJTJGanMlM0ZpZCUzREFXLTY0Nzg2NTk4MSUyMiUzRSUzQyUyRnNjcmlwdCUzRSUwQSUzQ3NjcmlwdCUzRSUwQSUyMCUyMHdpbmRvdy5kYXRhTGF5ZXIlMjAlM0QlMjB3aW5kb3cuZGF0YUxheWVyJTIwJTdDJTdDJTIwJTVCJTVEJTNCJTBBJTIwJTIwZnVuY3Rpb24lMjBndGFnJTI4JTI5JTdCZGF0YUxheWVyLnB1c2glMjhhcmd1bWVudHMlMjklM0IlN0QlMEElMjAlMjBndGFnJTI4JTI3anMlMjclMkMlMjBuZXclMjBEYXRlJTI4JTI5JTI5JTNCJTBBJTBBJTIwJTIwZ3RhZyUyOCUyN2NvbmZpZyUyNyUyQyUyMCUyN0FXLTY0Nzg2NTk4MSUyNyUyOSUzQiUwQSUzQyUyRnNjcmlwdCUzRSUwQQ==[\/vc_raw_js][vc_raw_js]JTNDJTIxLS0lMjBFdmVudCUyMHNuaXBwZXQlMjBmb3IlMjBXZWJzaXRlJTIwdHJhZmZpYyUyMGNvbnZlcnNpb24lMjBwYWdlJTIwLS0lM0UlMEElM0NzY3JpcHQlM0UlMEElMjAlMjBndGFnJTI4JTI3ZXZlbnQlMjclMkMlMjAlMjdjb252ZXJzaW9uJTI3JTJDJTIwJTdCJTI3c2VuZF90byUyNyUzQSUyMCUyN0FXLTY0Nzg2NTk4MSUyRmFNeGxDTjdHNk0wQkVQM005clFDJTI3JTdEJTI5JTNCJTBBJTNDJTJGc2NyaXB0JTNFJTBB[\/vc_raw_js][vc_custom_heading text=\u00bbRenta de mobiliario\u00bb font_container=\u00bbtag:h2|font_size:36|text_align:center|color:%23000000&#8243; use_theme_fonts=\u00bbyes\u00bb][vc_empty_space][\/vc_column][\/vc_row][vc_row full_width=\u00bbstretch_row_content\u00bb equal_height=\u00bbyes\u00bb css=\u00bb.vc_custom_1509471144705{background-color: #edede8 !important;}\u00bb][vc_column][vc_empty_space][vc_column_text] Aldruka es la opci\u00f3n ideal para complementar el&#8230;<\/p>\n","protected":false},"author":1,"featured_media":0,"parent":0,"menu_order":0,"comment_status":"closed","ping_status":"closed","template":"","meta":{"footnotes":""},"class_list":["post-74","page","type-page","status-publish","hentry"],"_links":{"self":[{"href":"https:\/\/corporativozr.com\/2024\/wp-json\/wp\/v2\/pages\/74","targetHints":{"allow":["GET"]}}],"collection":[{"href":"https:\/\/corporativozr.com\/2024\/wp-json\/wp\/v2\/pages"}],"about":[{"href":"https:\/\/corporativozr.com\/2024\/wp-json\/wp\/v2\/types\/page"}],"author":[{"embeddable":true,"href":"https:\/\/corporativozr.com\/2024\/wp-json\/wp\/v2\/users\/1"}],"replies":[{"embeddable":true,"href":"https:\/\/corporativozr.com\/2024\/wp-json\/wp\/v2\/comments?post=74"}],"version-history":[{"count":49,"href":"https:\/\/corporativozr.com\/2024\/wp-json\/wp\/v2\/pages\/74\/revisions"}],"predecessor-version":[{"id":96925,"href":"https:\/\/corporativozr.com\/2024\/wp-json\/wp\/v2\/pages\/74\/revisions\/96925"}],"wp:attachment":[{"href":"https:\/\/corporativozr.com\/2024\/wp-json\/wp\/v2\/media?parent=74"}],"curies":[{"name":"wp","href":"https:\/\/api.w.org\/{rel}","templated":true}]}}