{"id":96529,"date":"2023-11-17T20:49:05","date_gmt":"2023-11-17T20:49:05","guid":{"rendered":"https:\/\/corporativozr.com\/2024\/?page_id=96529"},"modified":"2024-08-27T02:36:07","modified_gmt":"2024-08-27T02:36:07","slug":"nuestra-forma-de-trabajar","status":"publish","type":"page","link":"https:\/\/corporativozr.com\/2024\/nuestra-forma-de-trabajar\/","title":{"rendered":"NUESTRA FORMA DE TRABAJAR"},"content":{"rendered":"<p>[vc_row full_width=\u00bbstretch_row\u00bb css=\u00bb.vc_custom_1701476310152{background-image: url(https:\/\/corporativozr.com\/2024\/wp-content\/uploads\/2023\/12\/ENCABEZADO.jpg?id=96823) !important;background-position: center !important;background-repeat: no-repeat !important;background-size: cover !important;}\u00bb][vc_column][vc_empty_space height=\u00bb160&#8243;][vc_custom_heading text=\u00bbNuestra forma de trabajar\u00bb font_container=\u00bbtag:h2|font_size:36|text_align:left|color:%23ffffff\u00bb use_theme_fonts=\u00bbyes\u00bb css_animation=\u00bbbounceIn\u00bb][vc_empty_space height=\u00bb160&#8243;][\/vc_column][\/vc_row][vc_row css=\u00bb.vc_custom_1700255551974{padding-top: 20px !important;padding-bottom: 20px !important;}\u00bb][vc_column width=\u00bb1\/2&#8243; css=\u00bb.vc_custom_1700255449981{background-image: url(https:\/\/corporativozr.com\/2024\/wp-content\/uploads\/2023\/11\/DSC6229.jpeg?id=96538) !important;background-position: center !important;background-repeat: no-repeat !important;background-size: contain !important;}\u00bb][vc_empty_space height=\u00bb400px\u00bb][\/vc_column][vc_column width=\u00bb1\/2&#8243;][vc_column_text]<\/p>\n<h5 style=\"text-align: justify;\">Mi empresa no es solo una entidad, es un reflejo de mi pasi\u00f3n, dedicaci\u00f3n y amor por la belleza en cada detalle. Cada proyecto que he llevado a cabo ha sido m\u00e1s que una simple celebraci\u00f3n; ha sido una oportunidad para crear magia y dejar una marca profunda en los corazones de quienes me han confiado sus momentos m\u00e1s preciados. Me especializo en bodas, brindando un servicio de calidad que implica ir de la mano en el proceso de principio a fin.<\/h5>\n<h5 style=\"text-align: justify;\">No realizo coordinaci\u00f3n solo del d\u00eda de la boda, sino proyectos integrales.<\/h5>\n<p>[\/vc_column_text][\/vc_column][\/vc_row][vc_row full_width=\u00bbstretch_row_content_no_spaces\u00bb css=\u00bb.vc_custom_1700262417750{padding-top: 25px !important;padding-right: 25px !important;padding-bottom: 25px !important;padding-left: 25px !important;background-color: #ededed !important;}\u00bb][vc_column][vc_column_text]<\/p>\n<h3 style=\"text-align: center;\">ALEJANDRA ZERME\u00d1O<\/h3>\n<p>[\/vc_column_text][vc_column_text]<\/p>\n<h5 style=\"text-align: center;\"><strong>Una fuerza creativa en constante movimiento que encarna la pasi\u00f3n e inventiva en la producci\u00f3n y dise\u00f1o de eventos. Su compromiso trasciende la profesi\u00f3n, es una entrega total al arte de crear momentos inolvidables. Cada d\u00eda, se sumerge en un amplio mar de posibilidades, buscando la combinaci\u00f3n perfecta de colores, texturas y emociones para convertir cada evento en una experiencia \u00fanica.<\/strong><\/h5>\n<p>[\/vc_column_text][vc_btn title=\u00bbPRESENTACIO\u0301N &#8211; ALEJANDRA ZERMEN\u0303O\u00bb color=\u00bbblack\u00bb align=\u00bbcenter\u00bb i_icon_fontawesome=\u00bbfa fa-file-pdf-o\u00bb css_animation=\u00bbbounceInUp\u00bb add_icon=\u00bbtrue\u00bb link=\u00bburl:https%3A%2F%2Fcorporativozr.com%2F2024%2Fwp-content%2Fuploads%2F2023%2F12%2FPRESENTACIO%CC%81N-ALEJANDRA-ZERMEN%CC%83O.pdf||target:%20_blank|\u00bb][\/vc_column][\/vc_row][vc_row css=\u00bb.vc_custom_1700255551974{padding-top: 20px !important;padding-bottom: 20px !important;}\u00bb][vc_column width=\u00bb1\/2&#8243;][vc_column_text]<\/p>\n<h4 style=\"text-align: center;\">Los servicios que se proporcionan en nuestra empresa, son:<\/h4>\n<p>[\/vc_column_text][vc_column_text]<\/p>\n<p style=\"text-align: left;\">-Contacto con los novios para obtener informaci\u00f3n de sus necesidades.<br \/>\n-Se realiza un scouting.<br \/>\n-Se contactan con proveedores que cubran tus necesidades.<br \/>\n-Coordinaci\u00f3n de pago de proveedores.<br \/>\n-Propuesta de Layout y Moodboard.<br \/>\n-Realizaci\u00f3n de Renders.<br \/>\n-Realizaci\u00f3n de Requisiciones de mobiliario y montaje.<br \/>\n-Cotizaci\u00f3n del Proyecto.<br \/>\n-Realizaci\u00f3n de tr\u00e1mites requeridos para la boda.<br \/>\n-Planificaci\u00f3n de la ejecuci\u00f3n con proveedores.<br \/>\n-Montaje planificado con los proveedores.<br \/>\n-Coordinaci\u00f3n del cortejo.<br \/>\n-Supervisi\u00f3n de la ejecuci\u00f3n del evento.<br \/>\n-Asistencia personalizada a la novia.<br \/>\n-Realizaci\u00f3n de planificaci\u00f3n del \u201cminuto a minuto\u201d.<br \/>\n-Coordinaci\u00f3n y organizaci\u00f3n del Civil.<br \/>\n-Confirmaciones con los invitados (llamadas y texting personalizado).<br \/>\n-Realizaci\u00f3n y planificaci\u00f3n de bodas religiosas\/espirituales.<br \/>\n-Coordinaci\u00f3n para Callejoniada (servicios realizados solamente en Guanajuato y San Miguel de Allende).<\/p>\n<p>[\/vc_column_text][\/vc_column][vc_column width=\u00bb1\/2&#8243; css=\u00bb.vc_custom_1700255728464{background-image: url(https:\/\/corporativozr.com\/2024\/wp-content\/uploads\/2023\/11\/6.jpg?id=96528) !important;background-position: center !important;background-repeat: no-repeat !important;background-size: cover !important;}\u00bb][vc_empty_space height=\u00bb600px\u00bb][\/vc_column][\/vc_row][vc_row css=\u00bb.vc_custom_1700255551974{padding-top: 20px !important;padding-bottom: 20px !important;}\u00bb][vc_column width=\u00bb1\/2&#8243; css=\u00bb.vc_custom_1700255803734{background-position: center !important;background-repeat: no-repeat !important;background-size: cover !important;}\u00bb][vc_single_image image=\u00bb96543&#8243; img_size=\u00bbfull\u00bb][\/vc_column][vc_column width=\u00bb1\/2&#8243;][vc_column_text]<\/p>\n<h4 style=\"text-align: center;\">Entre los eventos que realizamos se encuentran las siguientes:<\/h4>\n<p>[\/vc_column_text][vc_column_text]<\/p>\n<ul>\n<li style=\"text-align: left;\">Bodas destino<\/li>\n<li style=\"text-align: left;\">Bodas igualitarias<\/li>\n<li style=\"text-align: left;\">Aniversario de bodas<\/li>\n<li style=\"text-align: left;\">Renovaci\u00f3n de votos<\/li>\n<li style=\"text-align: left;\">Bodas civiles<\/li>\n<li style=\"text-align: left;\">Bodas religiosas y\/o espirituales<\/li>\n<li>Quincea\u00f1os<\/li>\n<li>Bautizos<\/li>\n<\/ul>\n<p>[\/vc_column_text][vc_column_text]<\/p>\n<h4 style=\"text-align: center;\">Eventos privados:<\/h4>\n<p>[\/vc_column_text][vc_column_text]<\/p>\n<ul>\n<li style=\"text-align: left;\">Callejoneadas<\/li>\n<li style=\"text-align: left;\">Rompehielos<\/li>\n<li style=\"text-align: left;\">Despedidas de soltera<\/li>\n<li style=\"text-align: left;\">Cenas navide\u00f1as<\/li>\n<li style=\"text-align: left;\">Eventos empresariales<\/li>\n<\/ul>\n<p>[\/vc_column_text][\/vc_column][\/vc_row][vc_row full_width=\u00bbstretch_row\u00bb parallax=\u00bbcontent-moving\u00bb parallax_image=\u00bb96824&#8243;][vc_column][vc_empty_space height=\u00bb132px\u00bb][vc_row_inner css=\u00bb.vc_custom_1724726165673{background-color: rgba(0,0,0,0.39) !important;*background-color: rgb(0,0,0) !important;}\u00bb][vc_column_inner width=\u00bb1\/2&#8243;][vc_column_text]<\/p>\n<h3><span style=\"color: #ffffff;\"><strong>Wedding Planner pertenece:\u00a0<\/strong><\/span><\/h3>\n<p>[\/vc_column_text][vc_single_image image=\u00bb96902&#8243; img_size=\u00bbfull\u00bb onclick=\u00bbcustom_link\u00bb img_link_target=\u00bb_blank\u00bb css_animation=\u00bbfadeInUp\u00bb link=\u00bbhttps:\/\/www.zankyou.com.mx\/f\/alejandra-zermeno-design-wedding-%20planner-565379&#8243;][\/vc_column_inner][vc_column_inner width=\u00bb1\/2&#8243;][vc_column_text]<\/p>\n<h3><span style=\"color: #ffffff;\"><strong>Wedding Planner recomendado por:\u00a0<\/strong><\/span><\/h3>\n<p>[\/vc_column_text][vc_single_image image=\u00bb96809&#8243; img_size=\u00bbfull\u00bb alignment=\u00bbright\u00bb onclick=\u00bbcustom_link\u00bb img_link_target=\u00bb_blank\u00bb css_animation=\u00bbfadeInUp\u00bb link=\u00bbhttps:\/\/www.zankyou.com.mx\/f\/alejandra-zermeno-design-wedding-%20planner-565379&#8243;][\/vc_column_inner][\/vc_row_inner][vc_empty_space height=\u00bb132px\u00bb][\/vc_column][\/vc_row]<\/p>\n","protected":false},"excerpt":{"rendered":"<p>[vc_row full_width=\u00bbstretch_row\u00bb css=\u00bb.vc_custom_1701476310152{background-image: url(https:\/\/corporativozr.com\/2024\/wp-content\/uploads\/2023\/12\/ENCABEZADO.jpg?id=96823) !important;background-position: center !important;background-repeat: no-repeat !important;background-size: cover !important;}\u00bb][vc_column][vc_empty_space height=\u00bb160&#8243;][vc_custom_heading text=\u00bbNuestra forma de trabajar\u00bb font_container=\u00bbtag:h2|font_size:36|text_align:left|color:%23ffffff\u00bb use_theme_fonts=\u00bbyes\u00bb css_animation=\u00bbbounceIn\u00bb][vc_empty_space height=\u00bb160&#8243;][\/vc_column][\/vc_row][vc_row css=\u00bb.vc_custom_1700255551974{padding-top: 20px !important;padding-bottom: 20px !important;}\u00bb][vc_column width=\u00bb1\/2&#8243; css=\u00bb.vc_custom_1700255449981{background-image: url(https:\/\/corporativozr.com\/2024\/wp-content\/uploads\/2023\/11\/DSC6229.jpeg?id=96538) !important;background-position: center !important;background-repeat: no-repeat !important;background-size: contain !important;}\u00bb][vc_empty_space height=\u00bb400px\u00bb][\/vc_column][vc_column width=\u00bb1\/2&#8243;][vc_column_text] Mi empresa no es solo una entidad, es un reflejo de mi pasi\u00f3n,&#8230;<\/p>\n","protected":false},"author":1,"featured_media":0,"parent":0,"menu_order":0,"comment_status":"closed","ping_status":"closed","template":"","meta":{"footnotes":""},"class_list":["post-96529","page","type-page","status-publish","hentry"],"_links":{"self":[{"href":"https:\/\/corporativozr.com\/2024\/wp-json\/wp\/v2\/pages\/96529","targetHints":{"allow":["GET"]}}],"collection":[{"href":"https:\/\/corporativozr.com\/2024\/wp-json\/wp\/v2\/pages"}],"about":[{"href":"https:\/\/corporativozr.com\/2024\/wp-json\/wp\/v2\/types\/page"}],"author":[{"embeddable":true,"href":"https:\/\/corporativozr.com\/2024\/wp-json\/wp\/v2\/users\/1"}],"replies":[{"embeddable":true,"href":"https:\/\/corporativozr.com\/2024\/wp-json\/wp\/v2\/comments?post=96529"}],"version-history":[{"count":40,"href":"https:\/\/corporativozr.com\/2024\/wp-json\/wp\/v2\/pages\/96529\/revisions"}],"predecessor-version":[{"id":97107,"href":"https:\/\/corporativozr.com\/2024\/wp-json\/wp\/v2\/pages\/96529\/revisions\/97107"}],"wp:attachment":[{"href":"https:\/\/corporativozr.com\/2024\/wp-json\/wp\/v2\/media?parent=96529"}],"curies":[{"name":"wp","href":"https:\/\/api.w.org\/{rel}","templated":true}]}}